{"id":335,"date":"2021-05-06T14:51:55","date_gmt":"2021-05-06T12:51:55","guid":{"rendered":"https:\/\/idee.gilles.link\/?page_id=335"},"modified":"2023-02-27T09:30:10","modified_gmt":"2023-02-27T08:30:10","slug":"avertissement","status":"publish","type":"page","link":"https:\/\/idee.gilles.link\/index.php\/infos\/avertissement\/","title":{"rendered":"Avertissement"},"content":{"rendered":"<div id=\"pl-335\"  class=\"panel-layout\" ><div id=\"pg-335-0\"  class=\"panel-grid panel-no-style\" ><div id=\"pgc-335-0-0\"  class=\"panel-grid-cell panel-grid-cell-mobile-last\" ><div id=\"panel-335-0-0-0\" class=\"so-panel widget widget_sow-editor panel-first-child panel-last-child\" data-index=\"0\" ><div\n\t\t\t\n\t\t\tclass=\"so-widget-sow-editor so-widget-sow-editor-base\"\n\t\t\t\n\t\t>\n<div class=\"siteorigin-widget-tinymce textwidget\">\n\t<h1>Avertissements<\/h1>\n<p style=\"padding-left: 40px;\">Ceci est encore un document de travail avant qu\u2019une premi\u00e8re version ne soit livr\u00e9e.<\/p>\n<p style=\"padding-left: 80px;\">A mi-Mai 2021 le plan est complet<\/p>\n<p style=\"padding-left: 40px;\">Les commentaires ne sont accessibles que aux re-lecteurs.<\/p>\n<p style=\"padding-left: 40px;\">Ce document est sous licence Creative communs CC BY-NC-SA 4.0 :<\/p>\n<p style=\"padding-left: 40px;\">Attribution - Pas d\u2019Utilisation Commerciale - Partage dans les M\u00eames Conditions 4.0 International<\/p>\n<p style=\"padding-left: 40px;\">Cr\u00e9dit : \u00a0Une plan\u00e8te : sur qui compter\u00a0? \u2013 Gilles Cormary \u2013 2021 (version de travail)<\/p>\n<p style=\"padding-left: 40px;\">Il s\u2019adresse \u00e0 des non-sp\u00e9cialistes avant tout.<\/p>\n<p style=\"padding-left: 40px;\">Il offre plusieurs niveaux de lecture :<\/p>\n<ul>\n<li style=\"list-style-type: none;\">\n<ul>\n<li>Si vous \u00eates tr\u00e8s press\u00e9, contentez-vous de la proposition<\/li>\n<li>Parcourez ensuite les lignes directrices<\/li>\n<li>Puis la vision<\/li>\n<li>vous pourrez ensuite\u00a0 approfondir avec\u00a0 les \"notes\" et \"lire+\"<\/li>\n<li>Les planches graphiques sont destin\u00e9es \u00e0 mettre votre r\u00e9flexion en mouvement et s'accompagnent de notes pour une lecture autonome.<\/li>\n<\/ul>\n<\/li>\n<\/ul>\n<\/div>\n<\/div><\/div><\/div><div id=\"pgc-335-0-1\"  class=\"panel-grid-cell panel-grid-cell-empty\" ><\/div><\/div><div id=\"pg-335-1\"  class=\"panel-grid panel-no-style\" ><div id=\"pgc-335-1-0\"  class=\"panel-grid-cell\" ><div id=\"panel-335-1-0-0\" class=\"so-panel widget widget_sow-editor panel-first-child panel-last-child\" data-index=\"1\" ><div\n\t\t\t\n\t\t\tclass=\"so-widget-sow-editor so-widget-sow-editor-base\"\n\t\t\t\n\t\t>\n<div class=\"siteorigin-widget-tinymce textwidget\">\n\t<p>Maj : F\u00e9vrier 2021<\/p>\n<\/div>\n<\/div><\/div><\/div><\/div><\/div>","protected":false},"excerpt":{"rendered":"<p>Avertissements Ceci est encore un document de travail avant qu\u2019une premi\u00e8re version ne soit livr\u00e9e. A mi-Mai 2021 le plan est complet Les commentaires ne sont accessibles que aux re-lecteurs. Ce document est sous licence Creative communs CC BY-NC-SA 4.0 : Attribution &#8211; Pas d\u2019Utilisation Commerciale &#8211; Partage dans les M\u00eames Conditions 4.0 International Cr\u00e9dit [&hellip;]<\/p>\n","protected":false},"author":1,"featured_media":0,"parent":330,"menu_order":13,"comment_status":"closed","ping_status":"closed","template":"templates\/template-full-notitle.php","meta":{"footnotes":""},"class_list":["post-335","page","type-page","status-publish","hentry"],"_links":{"self":[{"href":"https:\/\/idee.gilles.link\/index.php\/wp-json\/wp\/v2\/pages\/335","targetHints":{"allow":["GET"]}}],"collection":[{"href":"https:\/\/idee.gilles.link\/index.php\/wp-json\/wp\/v2\/pages"}],"about":[{"href":"https:\/\/idee.gilles.link\/index.php\/wp-json\/wp\/v2\/types\/page"}],"author":[{"embeddable":true,"href":"https:\/\/idee.gilles.link\/index.php\/wp-json\/wp\/v2\/users\/1"}],"replies":[{"embeddable":true,"href":"https:\/\/idee.gilles.link\/index.php\/wp-json\/wp\/v2\/comments?post=335"}],"version-history":[{"count":3,"href":"https:\/\/idee.gilles.link\/index.php\/wp-json\/wp\/v2\/pages\/335\/revisions"}],"predecessor-version":[{"id":1236,"href":"https:\/\/idee.gilles.link\/index.php\/wp-json\/wp\/v2\/pages\/335\/revisions\/1236"}],"up":[{"embeddable":true,"href":"https:\/\/idee.gilles.link\/index.php\/wp-json\/wp\/v2\/pages\/330"}],"wp:attachment":[{"href":"https:\/\/idee.gilles.link\/index.php\/wp-json\/wp\/v2\/media?parent=335"}],"curies":[{"name":"wp","href":"https:\/\/api.w.org\/{rel}","templated":true}]}}