{"id":219,"date":"2021-05-06T00:02:47","date_gmt":"2021-05-05T22:02:47","guid":{"rendered":"https:\/\/idee.gilles.link\/?page_id=219"},"modified":"2023-02-27T09:11:46","modified_gmt":"2023-02-27T08:11:46","slug":"proposition","status":"publish","type":"page","link":"https:\/\/idee.gilles.link\/index.php\/proposition\/","title":{"rendered":"Proposition"},"content":{"rendered":"<div id=\"pl-219\"  class=\"panel-layout\" ><div id=\"pg-219-0\"  class=\"panel-grid panel-no-style\" ><div id=\"pgc-219-0-0\"  class=\"panel-grid-cell\" ><div id=\"panel-219-0-0-0\" class=\"so-panel widget widget_sow-editor panel-first-child panel-last-child\" data-index=\"0\" ><div\n\t\t\t\n\t\t\tclass=\"so-widget-sow-editor so-widget-sow-editor-base\"\n\t\t\t\n\t\t>\n<div class=\"siteorigin-widget-tinymce textwidget\">\n\t<h1>La proposition :\u00a0<span style=\"color: #008cff;\">Re(f)act<\/span><\/h1>\n<p style=\"padding-left: 40px;\">Produire les chiffres <span style=\"color: #008cff;\">solides<\/span> en unit\u00e9s physiques qui mesurent la contribution de chacun \u00e0 l'objectif de ne pas d\u00e9passer les limites collectives de ce que notre plan\u00e8te peut nous offrir.<\/p>\n<p style=\"padding-left: 40px;\">Cet objectif n\u00e9cessite la mise en place d\u2019une comptabilit\u00e9 d\u2019entreprise et une comptabilit\u00e9 individuelle en unit\u00e9s d\u2019\u0153uvres physiques (\u00e0 commencer par le kg CO2 eq) : Re(f)act.<\/p>\n<p style=\"padding-left: 40px;\">Les utilisations possibles de cette comptabilit\u00e9 individuelle sont imagin\u00e9es pour expliquer \u00e0 quoi cela peut servir mais sont \u00e0 n\u00e9gocier. Leur discussion ne fait pas partie du champ de cette proposition.<\/p>\n<p style=\"padding-left: 40px;\">L\u2019objectif final est de <span style=\"color: #008cff;\">r\u00e9duire<\/span> de fa\u00e7on effective nos impacts.<\/p>\n<p>&nbsp;<\/p>\n<\/div>\n<\/div><\/div><\/div><div id=\"pgc-219-0-1\"  class=\"panel-grid-cell\" ><div id=\"panel-219-0-1-0\" class=\"so-panel widget widget_sow-image panel-first-child panel-last-child\" data-index=\"1\" ><div\n\t\t\t\n\t\t\tclass=\"so-widget-sow-image so-widget-sow-image-default-8b5b6f678277-219\"\n\t\t\t\n\t\t>\n\n<div class=\"sow-image-container\">\n\t\t\t<a href=\"https:\/\/idee.gilles.link\/index.php\/proposition\/deja\/\"\n\t\t\t\t\t>\n\t\t\t<img loading=\"lazy\" decoding=\"async\" src=\"https:\/\/idee.gilles.link\/wp-content\/uploads\/2021\/05\/lire.png\" width=\"70\" height=\"70\" sizes=\"auto, (max-width: 70px) 100vw, 70px\" title=\"lire+\" alt=\"\" \t\tclass=\"so-widget-image\"\/>\n\t<\/a><\/div>\n\n<\/div><\/div><\/div><\/div><div id=\"pg-219-1\"  class=\"panel-grid panel-no-style\" ><div id=\"pgc-219-1-0\"  class=\"panel-grid-cell\" ><div id=\"panel-219-1-0-0\" class=\"so-panel widget widget_sow-image panel-first-child panel-last-child\" data-index=\"2\" ><div\n\t\t\t\n\t\t\tclass=\"so-widget-sow-image so-widget-sow-image-default-8b5b6f678277-219\"\n\t\t\t\n\t\t>\n\n<div class=\"sow-image-container\">\n\t\t<img loading=\"lazy\" decoding=\"async\" src=\"https:\/\/idee.gilles.link\/wp-content\/uploads\/2021\/05\/proposition_1.jpg\" width=\"1211\" height=\"700\" srcset=\"https:\/\/idee.gilles.link\/wp-content\/uploads\/2021\/05\/proposition_1.jpg 1211w, https:\/\/idee.gilles.link\/wp-content\/uploads\/2021\/05\/proposition_1-300x173.jpg 300w, https:\/\/idee.gilles.link\/wp-content\/uploads\/2021\/05\/proposition_1-1024x592.jpg 1024w, https:\/\/idee.gilles.link\/wp-content\/uploads\/2021\/05\/proposition_1-768x444.jpg 768w\" sizes=\"auto, (max-width: 1211px) 100vw, 1211px\" alt=\"\" \t\tclass=\"so-widget-image\"\/>\n\t<\/div>\n\n<\/div><\/div><\/div><div id=\"pgc-219-1-1\"  class=\"panel-grid-cell\" ><div id=\"panel-219-1-1-0\" class=\"so-panel widget widget_sow-image panel-first-child panel-last-child\" data-index=\"3\" ><div\n\t\t\t\n\t\t\tclass=\"so-widget-sow-image so-widget-sow-image-default-8b5b6f678277-219\"\n\t\t\t\n\t\t>\n\n<div class=\"sow-image-container\">\n\t\t\t<a href=\"https:\/\/idee.gilles.link\/index.php\/proposition\/refacturation\/\"\n\t\t\t\t\t>\n\t\t\t<img loading=\"lazy\" decoding=\"async\" src=\"https:\/\/idee.gilles.link\/wp-content\/uploads\/2021\/05\/notes-1.png\" width=\"70\" height=\"70\" sizes=\"auto, (max-width: 70px) 100vw, 70px\" title=\"notes\" alt=\"\" \t\tclass=\"so-widget-image\"\/>\n\t<\/a><\/div>\n\n<\/div><\/div><\/div><\/div><div id=\"pg-219-2\"  class=\"panel-grid panel-no-style\" ><div id=\"pgc-219-2-0\"  class=\"panel-grid-cell panel-grid-cell-mobile-last\" ><div id=\"panel-219-2-0-0\" class=\"so-panel widget widget_sow-editor panel-first-child panel-last-child\" data-index=\"4\" ><div\n\t\t\t\n\t\t\tclass=\"so-widget-sow-editor so-widget-sow-editor-base\"\n\t\t\t\n\t\t>\n<div class=\"siteorigin-widget-tinymce textwidget\">\n\t<h1>les 4 \u00e9tapes pour calculer l'empreinte carbone du consommateur<\/h1>\n<p style=\"padding-left: 40px;\">\u00a0<strong><span style=\"color: #008cff;\">1<\/span>\u00a0 <\/strong>Chaque entreprise <span style=\"color: #008cff;\">ventile<\/span> le total de ses \u00a0achats\u00a0 de carbone et \u00c9missions directes sur chaque produit pour calculer son poids carbone<\/p>\n<p style=\"padding-left: 40px;\"><strong><span style=\"color: #008cff;\">2\u00a0 <\/span><\/strong>Chaque <span style=\"color: #008cff;\">facture<\/span> comporte le poids carbone. Ce montant est comptabilis\u00e9 en kg CO2 eq dans les comptes.<\/p>\n<p style=\"padding-left: 40px;\"><strong><span style=\"color: #008cff;\">3<\/span><\/strong>\u00a0 L\u2019entreprise calcule ses \u00e9missions directes . Sur une p\u00e9riode, la somme des ventes <span style=\"color: #008cff;\">\u00e9quilibre<\/span> la\u00a0 somme des achats + \u00c9mission directe en kg CO2 eq<\/p>\n<p style=\"padding-left: 40px;\"><strong><span style=\"color: #008cff;\">4<\/span><\/strong>\u00a0 Un compte<span style=\"color: #008cff;\"> individuel<\/span> r\u00e9capitule les achats en kg carbone de chacun auquel on ajoute les \u00e9missions d\u2019usage des combustibles.<\/p>\n<p>&nbsp;<\/p>\n<\/div>\n<\/div><\/div><\/div><div id=\"pgc-219-2-1\"  class=\"panel-grid-cell panel-grid-cell-empty\" ><\/div><\/div><div id=\"pg-219-3\"  class=\"panel-grid panel-no-style\" ><div id=\"pgc-219-3-0\"  class=\"panel-grid-cell\" ><div id=\"panel-219-3-0-0\" class=\"so-panel widget widget_sow-editor panel-first-child panel-last-child\" data-index=\"5\" ><div\n\t\t\t\n\t\t\tclass=\"so-widget-sow-editor so-widget-sow-editor-base\"\n\t\t\t\n\t\t>\n<div class=\"siteorigin-widget-tinymce textwidget\">\n\t<h1>Pour ceux qui n'ont vraiment pas le temps ...<\/h1>\n<p style=\"padding-left: 40px;\">je leur offre ma petite philosophie personnelle du temps en guise de conclusion ...<\/p>\n<\/div>\n<\/div><\/div><\/div><div id=\"pgc-219-3-1\"  class=\"panel-grid-cell\" ><div id=\"panel-219-3-1-0\" class=\"so-panel widget widget_sow-image panel-first-child panel-last-child\" data-index=\"6\" ><div\n\t\t\t\n\t\t\tclass=\"so-widget-sow-image so-widget-sow-image-default-8b5b6f678277-219\"\n\t\t\t\n\t\t>\n\n<div class=\"sow-image-container\">\n\t\t\t<a href=\"https:\/\/idee.gilles.link\/index.php\/vision\/temps\/\"\n\t\t\t\t\t>\n\t\t\t<img loading=\"lazy\" decoding=\"async\" src=\"https:\/\/idee.gilles.link\/wp-content\/uploads\/2021\/05\/lire.png\" width=\"70\" height=\"70\" sizes=\"auto, (max-width: 70px) 100vw, 70px\" title=\"lire+\" alt=\"\" \t\tclass=\"so-widget-image\"\/>\n\t<\/a><\/div>\n\n<\/div><\/div><\/div><\/div><div id=\"pg-219-4\"  class=\"panel-grid panel-no-style\" ><div id=\"pgc-219-4-0\"  class=\"panel-grid-cell\" ><div id=\"panel-219-4-0-0\" class=\"so-panel widget widget_sow-editor panel-first-child panel-last-child\" data-index=\"7\" ><div\n\t\t\t\n\t\t\tclass=\"so-widget-sow-editor so-widget-sow-editor-base\"\n\t\t\t\n\t\t>\n<div class=\"siteorigin-widget-tinymce textwidget\">\n\t<p>Maj : F\u00e9vrier 2021<\/p>\n<\/div>\n<\/div><\/div><\/div><\/div><\/div>","protected":false},"excerpt":{"rendered":"<p>La proposition :\u00a0Re(f)act Produire les chiffres solides en unit\u00e9s physiques qui mesurent la contribution de chacun \u00e0 l&rsquo;objectif de ne pas d\u00e9passer les limites collectives de ce que notre plan\u00e8te peut nous offrir. Cet objectif n\u00e9cessite la mise en place d\u2019une comptabilit\u00e9 d\u2019entreprise et une comptabilit\u00e9 individuelle en unit\u00e9s d\u2019\u0153uvres physiques (\u00e0 commencer par le [&hellip;]<\/p>\n","protected":false},"author":1,"featured_media":0,"parent":0,"menu_order":12,"comment_status":"closed","ping_status":"closed","template":"templates\/template-full-notitle.php","meta":{"footnotes":""},"class_list":["post-219","page","type-page","status-publish","hentry"],"_links":{"self":[{"href":"https:\/\/idee.gilles.link\/index.php\/wp-json\/wp\/v2\/pages\/219","targetHints":{"allow":["GET"]}}],"collection":[{"href":"https:\/\/idee.gilles.link\/index.php\/wp-json\/wp\/v2\/pages"}],"about":[{"href":"https:\/\/idee.gilles.link\/index.php\/wp-json\/wp\/v2\/types\/page"}],"author":[{"embeddable":true,"href":"https:\/\/idee.gilles.link\/index.php\/wp-json\/wp\/v2\/users\/1"}],"replies":[{"embeddable":true,"href":"https:\/\/idee.gilles.link\/index.php\/wp-json\/wp\/v2\/comments?post=219"}],"version-history":[{"count":3,"href":"https:\/\/idee.gilles.link\/index.php\/wp-json\/wp\/v2\/pages\/219\/revisions"}],"predecessor-version":[{"id":1180,"href":"https:\/\/idee.gilles.link\/index.php\/wp-json\/wp\/v2\/pages\/219\/revisions\/1180"}],"wp:attachment":[{"href":"https:\/\/idee.gilles.link\/index.php\/wp-json\/wp\/v2\/media?parent=219"}],"curies":[{"name":"wp","href":"https:\/\/api.w.org\/{rel}","templated":true}]}}

<div id="pl-219"  class="panel-layout" ><div id="pg-219-0"  class="panel-grid panel-no-style" ><div id="pgc-219-0-0"  class="panel-grid-cell" ><div id="panel-219-0-0-0" class="so-panel widget widget_sow-editor panel-first-child panel-last-child" data-index="0" ><div
			
			class="so-widget-sow-editor so-widget-sow-editor-base"
			
		>
<div class="siteorigin-widget-tinymce textwidget">
	<h1>La proposition : <span style="color: #008cff;">Re(f)act</span></h1>
<p style="padding-left: 40px;">Produire les chiffres <span style="color: #008cff;">solides</span> en unités physiques qui mesurent la contribution de chacun à l'objectif de ne pas dépasser les limites collectives de ce que notre planète peut nous offrir.</p>
<p style="padding-left: 40px;">Cet objectif nécessite la mise en place d’une comptabilité d’entreprise et une comptabilité individuelle en unités d’œuvres physiques (à commencer par le kg CO2 eq) : Re(f)act.</p>
<p style="padding-left: 40px;">Les utilisations possibles de cette comptabilité individuelle sont imaginées pour expliquer à quoi cela peut servir mais sont à négocier. Leur discussion ne fait pas partie du champ de cette proposition.</p>
<p style="padding-left: 40px;">L’objectif final est de <span style="color: #008cff;">réduire</span> de façon effective nos impacts.</p>
<p>&nbsp;</p>
</div>
</div></div></div><div id="pgc-219-0-1"  class="panel-grid-cell" ><div id="panel-219-0-1-0" class="so-panel widget widget_sow-image panel-first-child panel-last-child" data-index="1" ><div
			
			class="so-widget-sow-image so-widget-sow-image-default-8b5b6f678277-219"
			
		>

<div class="sow-image-container">
			<a href="https://idee.gilles.link/index.php/proposition/deja/"
					>
			<img loading="lazy" decoding="async" src="https://idee.gilles.link/wp-content/uploads/2021/05/lire.png" width="70" height="70" sizes="auto, (max-width: 70px) 100vw, 70px" title="lire+" alt="" 		class="so-widget-image"/>
	</a></div>

</div></div></div></div><div id="pg-219-1"  class="panel-grid panel-no-style" ><div id="pgc-219-1-0"  class="panel-grid-cell" ><div id="panel-219-1-0-0" class="so-panel widget widget_sow-image panel-first-child panel-last-child" data-index="2" ><div
			
			class="so-widget-sow-image so-widget-sow-image-default-8b5b6f678277-219"
			
		>

<div class="sow-image-container">
		<img loading="lazy" decoding="async" src="https://idee.gilles.link/wp-content/uploads/2021/05/proposition_1.jpg" width="1211" height="700" srcset="https://idee.gilles.link/wp-content/uploads/2021/05/proposition_1.jpg 1211w, https://idee.gilles.link/wp-content/uploads/2021/05/proposition_1-300x173.jpg 300w, https://idee.gilles.link/wp-content/uploads/2021/05/proposition_1-1024x592.jpg 1024w, https://idee.gilles.link/wp-content/uploads/2021/05/proposition_1-768x444.jpg 768w" sizes="auto, (max-width: 1211px) 100vw, 1211px" alt="" 		class="so-widget-image"/>
	</div>

</div></div></div><div id="pgc-219-1-1"  class="panel-grid-cell" ><div id="panel-219-1-1-0" class="so-panel widget widget_sow-image panel-first-child panel-last-child" data-index="3" ><div
			
			class="so-widget-sow-image so-widget-sow-image-default-8b5b6f678277-219"
			
		>

<div class="sow-image-container">
			<a href="https://idee.gilles.link/index.php/proposition/refacturation/"
					>
			<img loading="lazy" decoding="async" src="https://idee.gilles.link/wp-content/uploads/2021/05/notes-1.png" width="70" height="70" sizes="auto, (max-width: 70px) 100vw, 70px" title="notes" alt="" 		class="so-widget-image"/>
	</a></div>

</div></div></div></div><div id="pg-219-2"  class="panel-grid panel-no-style" ><div id="pgc-219-2-0"  class="panel-grid-cell panel-grid-cell-mobile-last" ><div id="panel-219-2-0-0" class="so-panel widget widget_sow-editor panel-first-child panel-last-child" data-index="4" ><div
			
			class="so-widget-sow-editor so-widget-sow-editor-base"
			
		>
<div class="siteorigin-widget-tinymce textwidget">
	<h1>les 4 étapes pour calculer l'empreinte carbone du consommateur</h1>
<p style="padding-left: 40px;"> <strong><span style="color: #008cff;">1</span>  </strong>Chaque entreprise <span style="color: #008cff;">ventile</span> le total de ses  achats  de carbone et Émissions directes sur chaque produit pour calculer son poids carbone</p>
<p style="padding-left: 40px;"><strong><span style="color: #008cff;">2  </span></strong>Chaque <span style="color: #008cff;">facture</span> comporte le poids carbone. Ce montant est comptabilisé en kg CO2 eq dans les comptes.</p>
<p style="padding-left: 40px;"><strong><span style="color: #008cff;">3</span></strong>  L’entreprise calcule ses émissions directes . Sur une période, la somme des ventes <span style="color: #008cff;">équilibre</span> la  somme des achats + Émission directe en kg CO2 eq</p>
<p style="padding-left: 40px;"><strong><span style="color: #008cff;">4</span></strong>  Un compte<span style="color: #008cff;"> individuel</span> récapitule les achats en kg carbone de chacun auquel on ajoute les émissions d’usage des combustibles.</p>
<p>&nbsp;</p>
</div>
</div></div></div><div id="pgc-219-2-1"  class="panel-grid-cell panel-grid-cell-empty" ></div></div><div id="pg-219-3"  class="panel-grid panel-no-style" ><div id="pgc-219-3-0"  class="panel-grid-cell" ><div id="panel-219-3-0-0" class="so-panel widget widget_sow-editor panel-first-child panel-last-child" data-index="5" ><div
			
			class="so-widget-sow-editor so-widget-sow-editor-base"
			
		>
<div class="siteorigin-widget-tinymce textwidget">
	<h1>Pour ceux qui n'ont vraiment pas le temps ...</h1>
<p style="padding-left: 40px;">je leur offre ma petite philosophie personnelle du temps en guise de conclusion ...</p>
</div>
</div></div></div><div id="pgc-219-3-1"  class="panel-grid-cell" ><div id="panel-219-3-1-0" class="so-panel widget widget_sow-image panel-first-child panel-last-child" data-index="6" ><div
			
			class="so-widget-sow-image so-widget-sow-image-default-8b5b6f678277-219"
			
		>

<div class="sow-image-container">
			<a href="https://idee.gilles.link/index.php/vision/temps/"
					>
			<img loading="lazy" decoding="async" src="https://idee.gilles.link/wp-content/uploads/2021/05/lire.png" width="70" height="70" sizes="auto, (max-width: 70px) 100vw, 70px" title="lire+" alt="" 		class="so-widget-image"/>
	</a></div>

</div></div></div></div><div id="pg-219-4"  class="panel-grid panel-no-style" ><div id="pgc-219-4-0"  class="panel-grid-cell" ><div id="panel-219-4-0-0" class="so-panel widget widget_sow-editor panel-first-child panel-last-child" data-index="7" ><div
			
			class="so-widget-sow-editor so-widget-sow-editor-base"
			
		>
<div class="siteorigin-widget-tinymce textwidget">
	<p>Maj : Février 2021</p>
</div>
</div></div></div></div></div>

<p>La proposition : Re(f)act Produire les chiffres solides en unités physiques qui mesurent la contribution de chacun à l&rsquo;objectif de ne pas dépasser les limites collectives de ce que notre planète peut nous offrir. Cet objectif nécessite la mise en place d’une comptabilité d’entreprise et une comptabilité individuelle en unités d’œuvres physiques (à commencer par le [&hellip;]</p>
