{"id":1479,"date":"2023-03-27T15:07:08","date_gmt":"2023-03-27T13:07:08","guid":{"rendered":"https:\/\/idee.gilles.link\/?page_id=1479"},"modified":"2023-04-12T12:13:44","modified_gmt":"2023-04-12T10:13:44","slug":"debat-pratique","status":"publish","type":"page","link":"https:\/\/idee.gilles.link\/index.php\/debat\/debat-pratique\/","title":{"rendered":"debat-pratique"},"content":{"rendered":"<div id=\"pl-1479\"  class=\"panel-layout\" ><div id=\"pg-1479-0\"  class=\"panel-grid panel-no-style\" ><div id=\"pgc-1479-0-0\"  class=\"panel-grid-cell\" ><div id=\"panel-1479-0-0-0\" class=\"so-panel widget widget_sow-editor panel-first-child panel-last-child\" data-index=\"0\" ><div\n\t\t\t\n\t\t\tclass=\"so-widget-sow-editor so-widget-sow-editor-base\"\n\t\t\t\n\t\t>\n<div class=\"siteorigin-widget-tinymce textwidget\">\n\t<h1>En pratique<\/h1>\n<p>Dans l'id\u00e9al,<\/p>\n<p>la salle :<\/p>\n<p style=\"padding-left: 40px;\">3 (ou 4) tables de 4 personnes. Un peu \u00e9loign\u00e9e pour un travail dans le calme.<\/p>\n<p style=\"padding-left: 40px;\">Un mur libre sur lequel on puisse faire tenir une feuille de rouleau craft (en 2,5 m x 1,2 m) sur lequel on va \u00e9crire au feutre<\/p>\n<p style=\"padding-left: 40px;\">Un espace libre (environ 4 m x 3 m)<\/p>\n<p style=\"padding-left: 40px;\">un cercle de chaises<\/p>\n<p>\u00a0 \u00a0 \u00a0 \u00a0 \u00a0 ( tout \u00e7a on l'a fait dans une maison)<\/p>\n<p>Autre mat\u00e9riel :<\/p>\n<p style=\"padding-left: 40px;\">une source de musique assez forte<\/p>\n<p style=\"padding-left: 40px;\">une cinquantaine d'impression\/copie couleur par vos soins (A4 et si possible A3)<\/p>\n<p style=\"padding-left: 40px;\">Pas de video-projecteur<\/p>\n<p>Convives :<\/p>\n<p style=\"padding-left: 40px;\">12 est un bon chiffre.<\/p>\n<p>\u00a0 \u00a0 \u00a0 \u00a0 \u00a0 En de\u00e7\u00e0, l'animation devient moins dynamique et au del\u00e0 les temps de restitutions s'allongent.<\/p>\n<p>Contact : Gilles Cormary<\/p>\n<p>Mail\u00a0 gillescormary@orange.fr<\/p>\n<p>t\u00e9l\u00e9phone 06 61 39 06 31<\/p>\n<p>&nbsp;<\/p>\n<\/div>\n<\/div><\/div><\/div><div id=\"pgc-1479-0-1\"  class=\"panel-grid-cell\" ><div id=\"panel-1479-0-1-0\" class=\"so-panel widget widget_sow-image panel-first-child panel-last-child\" data-index=\"1\" ><div\n\t\t\t\n\t\t\tclass=\"so-widget-sow-image so-widget-sow-image-default-8b5b6f678277-1479\"\n\t\t\t\n\t\t>\n\n<div class=\"sow-image-container\">\n\t\t\t<a href=\"https:\/\/idee.gilles.link\/index.php\/debat\/\"\n\t\t\t\t\t>\n\t\t\t<img loading=\"lazy\" decoding=\"async\" src=\"https:\/\/idee.gilles.link\/wp-content\/uploads\/2021\/05\/retour-1.png\" width=\"70\" height=\"70\" sizes=\"auto, (max-width: 70px) 100vw, 70px\" title=\"retour\" alt=\"\" \t\tclass=\"so-widget-image\"\/>\n\t<\/a><\/div>\n\n<\/div><\/div><\/div><\/div><div id=\"pg-1479-1\"  class=\"panel-grid panel-no-style\" ><div id=\"pgc-1479-1-0\"  class=\"panel-grid-cell panel-grid-cell-mobile-last\" ><div id=\"panel-1479-1-0-0\" class=\"so-panel widget widget_sow-editor panel-first-child panel-last-child\" data-index=\"2\" ><div\n\t\t\t\n\t\t\tclass=\"so-widget-sow-editor so-widget-sow-editor-base\"\n\t\t\t\n\t\t>\n<div class=\"siteorigin-widget-tinymce textwidget\">\n\t<p>MAJ : Mars 2023<\/p>\n<\/div>\n<\/div><\/div><\/div><div id=\"pgc-1479-1-1\"  class=\"panel-grid-cell panel-grid-cell-empty\" ><\/div><\/div><\/div>","protected":false},"excerpt":{"rendered":"<p>En pratique Dans l&rsquo;id\u00e9al, la salle : 3 (ou 4) tables de 4 personnes. Un peu \u00e9loign\u00e9e pour un travail dans le calme. Un mur libre sur lequel on puisse faire tenir une feuille de rouleau craft (en 2,5 m x 1,2 m) sur lequel on va \u00e9crire au feutre Un espace libre (environ 4 [&hellip;]<\/p>\n","protected":false},"author":1,"featured_media":0,"parent":1410,"menu_order":5,"comment_status":"closed","ping_status":"closed","template":"templates\/template-full-notitle.php","meta":{"footnotes":""},"class_list":["post-1479","page","type-page","status-publish","hentry"],"_links":{"self":[{"href":"https:\/\/idee.gilles.link\/index.php\/wp-json\/wp\/v2\/pages\/1479","targetHints":{"allow":["GET"]}}],"collection":[{"href":"https:\/\/idee.gilles.link\/index.php\/wp-json\/wp\/v2\/pages"}],"about":[{"href":"https:\/\/idee.gilles.link\/index.php\/wp-json\/wp\/v2\/types\/page"}],"author":[{"embeddable":true,"href":"https:\/\/idee.gilles.link\/index.php\/wp-json\/wp\/v2\/users\/1"}],"replies":[{"embeddable":true,"href":"https:\/\/idee.gilles.link\/index.php\/wp-json\/wp\/v2\/comments?post=1479"}],"version-history":[{"count":3,"href":"https:\/\/idee.gilles.link\/index.php\/wp-json\/wp\/v2\/pages\/1479\/revisions"}],"predecessor-version":[{"id":1515,"href":"https:\/\/idee.gilles.link\/index.php\/wp-json\/wp\/v2\/pages\/1479\/revisions\/1515"}],"up":[{"embeddable":true,"href":"https:\/\/idee.gilles.link\/index.php\/wp-json\/wp\/v2\/pages\/1410"}],"wp:attachment":[{"href":"https:\/\/idee.gilles.link\/index.php\/wp-json\/wp\/v2\/media?parent=1479"}],"curies":[{"name":"wp","href":"https:\/\/api.w.org\/{rel}","templated":true}]}}