{"id":1415,"date":"2023-03-27T11:14:20","date_gmt":"2023-03-27T09:14:20","guid":{"rendered":"https:\/\/idee.gilles.link\/?page_id=1415"},"modified":"2023-04-12T12:13:20","modified_gmt":"2023-04-12T10:13:20","slug":"invitation","status":"publish","type":"page","link":"https:\/\/idee.gilles.link\/index.php\/debat\/invitation\/","title":{"rendered":"Invitation"},"content":{"rendered":"<div id=\"pl-1415\"  class=\"panel-layout\" ><div id=\"pg-1415-0\"  class=\"panel-grid panel-no-style\" ><div id=\"pgc-1415-0-0\"  class=\"panel-grid-cell\" ><div id=\"panel-1415-0-0-0\" class=\"so-panel widget widget_sow-editor panel-first-child panel-last-child\" data-index=\"0\" ><div\n\t\t\t\n\t\t\tclass=\"so-widget-sow-editor so-widget-sow-editor-base\"\n\t\t\t\n\t\t>\n<div class=\"siteorigin-widget-tinymce textwidget\">\n\t<h1><span style=\"color: #008cff;\">Invitation<\/span><\/h1>\n<p>C\u2019\u00e9tait quand votre dernier <span style=\"color: #008cff;\">d\u00e9bat (de philosophie) politique <\/span>?<\/p>\n<p>Face \u00e0\u00a0 la question \"<span style=\"color: #008cff;\">Quelles solutions pour stopper le r\u00e9chauffement climatique ?<\/span>\",<\/p>\n<p>vous n'avez peut-\u00eatre pas les id\u00e9es suffisament claires pour\u00a0 trier le bon grain de l'ivraie des <b>offres<\/b> politiques que l'on vous fait \u2026\u00a0 ou pas, jugeant peut-\u00eatre votre <b>demande<\/b> vague ou peu exigeante.<\/p>\n<p>Et si interroger les autres, les \u00e9couter, vous permettez de clarifier votre pens\u00e9e, de l'\u00e9prouver ?<\/p>\n<p>Il ne s'agira pas de se mettre d'accord. Il ne s'agira pas de prendre des d\u00e9cisions. Il ne s'agira pas de planifier des actions.<\/p>\n<p>Il s'agira de prouver que le d\u00e9bat peut exister, et que s'il existe, il nous fait avancer individuellement et collectivement, il nous permet d'esp\u00e9rer.<\/p>\n<p>Comment ce d\u00e9bat pourrait-il pourrait -il s'organiser ?<br \/>\n<u>Temps 1 :<\/u><\/p>\n<p>Nous reformulerons dabord collectivement ce que l\u2019on a compris de la physique du r\u00e9chauffement climatique (travaux du GIEC<b>)<\/b>.<\/p>\n<p>Nous r\u00e9fl\u00e9chirons ensuite aux objectifs que doivent remplir les politiques publiques d'atteinte de la <span style=\"color: #008cff;\">z\u00e9ro \u00e9mission nette<\/span> et selon quels <span style=\"color: #008cff;\">crit\u00e8res<\/span> on peut les comparer.<\/p>\n<p><u>Temps 2 :<\/u><\/p>\n<p>Pour alimenter cette <span style=\"color: #008cff;\">comparaison<\/span>, un tableau synth\u00e9tique de diff\u00e9rentes types de politiques publiques vous sera propos\u00e9 . Vous pourrez le compl\u00e9ter. Ce n'est qu'ensuite que nous pourrons confronter nos avis sur cette comparaison en utilisant les crit\u00e8res d\u00e9finis au pr\u00e9alable.<\/p>\n<p>Nous prendrons un temps pour tirer les enseignements de cette <b>exp\u00e9rience<\/b> collective.<\/p>\n<p>Cela pourrait-\u00eatre sur <span style=\"color: #008cff;\">deux soir\u00e9es<\/span>.\u00a0 Un groupe de <span style=\"color: #008cff;\">12 personnes<\/span> para\u00eet adapt\u00e9.<\/p>\n<p>Nulle comp\u00e9tence, connaisance\u00a0 autre que celle de <b>savoir-vivre<\/b> en soci\u00e9t\u00e9 n'est requise.<\/p>\n<p>Nous ne produirons rien mais nous laisserons des <b>traces<\/b>.<\/p>\n<\/div>\n<\/div><\/div><\/div><div id=\"pgc-1415-0-1\"  class=\"panel-grid-cell\" ><div id=\"panel-1415-0-1-0\" class=\"so-panel widget widget_sow-image panel-first-child panel-last-child\" data-index=\"1\" ><div\n\t\t\t\n\t\t\tclass=\"so-widget-sow-image so-widget-sow-image-default-8b5b6f678277-1415\"\n\t\t\t\n\t\t>\n\n<div class=\"sow-image-container\">\n\t\t\t<a href=\"https:\/\/idee.gilles.link\/index.php\/debat\/\"\n\t\t\t\t\t>\n\t\t\t<img loading=\"lazy\" decoding=\"async\" src=\"https:\/\/idee.gilles.link\/wp-content\/uploads\/2021\/05\/retour-1.png\" width=\"70\" height=\"70\" sizes=\"auto, (max-width: 70px) 100vw, 70px\" title=\"retour\" alt=\"\" \t\tclass=\"so-widget-image\"\/>\n\t<\/a><\/div>\n\n<\/div><\/div><\/div><\/div><div id=\"pg-1415-1\"  class=\"panel-grid panel-no-style\" ><div id=\"pgc-1415-1-0\"  class=\"panel-grid-cell panel-grid-cell-mobile-last\" ><div id=\"panel-1415-1-0-0\" class=\"so-panel widget widget_sow-editor panel-first-child panel-last-child\" data-index=\"2\" ><div\n\t\t\t\n\t\t\tclass=\"so-widget-sow-editor so-widget-sow-editor-base\"\n\t\t\t\n\t\t>\n<div class=\"siteorigin-widget-tinymce textwidget\">\n\t<p>MAJ : Mars 2023<\/p>\n<\/div>\n<\/div><\/div><\/div><div id=\"pgc-1415-1-1\"  class=\"panel-grid-cell panel-grid-cell-empty\" ><\/div><\/div><\/div>","protected":false},"excerpt":{"rendered":"<p>Invitation C\u2019\u00e9tait quand votre dernier d\u00e9bat (de philosophie) politique ? Face \u00e0\u00a0 la question \u00ab\u00a0Quelles solutions pour stopper le r\u00e9chauffement climatique ?\u00a0\u00bb, vous n&rsquo;avez peut-\u00eatre pas les id\u00e9es suffisament claires pour\u00a0 trier le bon grain de l&rsquo;ivraie des offres politiques que l&rsquo;on vous fait \u2026\u00a0 ou pas, jugeant peut-\u00eatre votre demande vague ou peu exigeante. [&hellip;]<\/p>\n","protected":false},"author":1,"featured_media":0,"parent":1410,"menu_order":1,"comment_status":"closed","ping_status":"closed","template":"templates\/template-full-notitle.php","meta":{"footnotes":""},"class_list":["post-1415","page","type-page","status-publish","hentry"],"_links":{"self":[{"href":"https:\/\/idee.gilles.link\/index.php\/wp-json\/wp\/v2\/pages\/1415","targetHints":{"allow":["GET"]}}],"collection":[{"href":"https:\/\/idee.gilles.link\/index.php\/wp-json\/wp\/v2\/pages"}],"about":[{"href":"https:\/\/idee.gilles.link\/index.php\/wp-json\/wp\/v2\/types\/page"}],"author":[{"embeddable":true,"href":"https:\/\/idee.gilles.link\/index.php\/wp-json\/wp\/v2\/users\/1"}],"replies":[{"embeddable":true,"href":"https:\/\/idee.gilles.link\/index.php\/wp-json\/wp\/v2\/comments?post=1415"}],"version-history":[{"count":3,"href":"https:\/\/idee.gilles.link\/index.php\/wp-json\/wp\/v2\/pages\/1415\/revisions"}],"predecessor-version":[{"id":1513,"href":"https:\/\/idee.gilles.link\/index.php\/wp-json\/wp\/v2\/pages\/1415\/revisions\/1513"}],"up":[{"embeddable":true,"href":"https:\/\/idee.gilles.link\/index.php\/wp-json\/wp\/v2\/pages\/1410"}],"wp:attachment":[{"href":"https:\/\/idee.gilles.link\/index.php\/wp-json\/wp\/v2\/media?parent=1415"}],"curies":[{"name":"wp","href":"https:\/\/api.w.org\/{rel}","templated":true}]}}

<div id="pl-1415"  class="panel-layout" ><div id="pg-1415-0"  class="panel-grid panel-no-style" ><div id="pgc-1415-0-0"  class="panel-grid-cell" ><div id="panel-1415-0-0-0" class="so-panel widget widget_sow-editor panel-first-child panel-last-child" data-index="0" ><div
			
			class="so-widget-sow-editor so-widget-sow-editor-base"
			
		>
<div class="siteorigin-widget-tinymce textwidget">
	<h1><span style="color: #008cff;">Invitation</span></h1>
<p>C’était quand votre dernier <span style="color: #008cff;">débat (de philosophie) politique </span>?</p>
<p>Face à  la question "<span style="color: #008cff;">Quelles solutions pour stopper le réchauffement climatique ?</span>",</p>
<p>vous n'avez peut-être pas les idées suffisament claires pour  trier le bon grain de l'ivraie des <b>offres</b> politiques que l'on vous fait …  ou pas, jugeant peut-être votre <b>demande</b> vague ou peu exigeante.</p>
<p>Et si interroger les autres, les écouter, vous permettez de clarifier votre pensée, de l'éprouver ?</p>
<p>Il ne s'agira pas de se mettre d'accord. Il ne s'agira pas de prendre des décisions. Il ne s'agira pas de planifier des actions.</p>
<p>Il s'agira de prouver que le débat peut exister, et que s'il existe, il nous fait avancer individuellement et collectivement, il nous permet d'espérer.</p>
<p>Comment ce débat pourrait-il pourrait -il s'organiser ?<br />
<u>Temps 1 :</u></p>
<p>Nous reformulerons dabord collectivement ce que l’on a compris de la physique du réchauffement climatique (travaux du GIEC<b>)</b>.</p>
<p>Nous réfléchirons ensuite aux objectifs que doivent remplir les politiques publiques d'atteinte de la <span style="color: #008cff;">zéro émission nette</span> et selon quels <span style="color: #008cff;">critères</span> on peut les comparer.</p>
<p><u>Temps 2 :</u></p>
<p>Pour alimenter cette <span style="color: #008cff;">comparaison</span>, un tableau synthétique de différentes types de politiques publiques vous sera proposé . Vous pourrez le compléter. Ce n'est qu'ensuite que nous pourrons confronter nos avis sur cette comparaison en utilisant les critères définis au préalable.</p>
<p>Nous prendrons un temps pour tirer les enseignements de cette <b>expérience</b> collective.</p>
<p>Cela pourrait-être sur <span style="color: #008cff;">deux soirées</span>.  Un groupe de <span style="color: #008cff;">12 personnes</span> paraît adapté.</p>
<p>Nulle compétence, connaisance  autre que celle de <b>savoir-vivre</b> en société n'est requise.</p>
<p>Nous ne produirons rien mais nous laisserons des <b>traces</b>.</p>
</div>
</div></div></div><div id="pgc-1415-0-1"  class="panel-grid-cell" ><div id="panel-1415-0-1-0" class="so-panel widget widget_sow-image panel-first-child panel-last-child" data-index="1" ><div
			
			class="so-widget-sow-image so-widget-sow-image-default-8b5b6f678277-1415"
			
		>

<div class="sow-image-container">
			<a href="https://idee.gilles.link/index.php/debat/"
					>
			<img loading="lazy" decoding="async" src="https://idee.gilles.link/wp-content/uploads/2021/05/retour-1.png" width="70" height="70" sizes="auto, (max-width: 70px) 100vw, 70px" title="retour" alt="" 		class="so-widget-image"/>
	</a></div>

</div></div></div></div><div id="pg-1415-1"  class="panel-grid panel-no-style" ><div id="pgc-1415-1-0"  class="panel-grid-cell panel-grid-cell-mobile-last" ><div id="panel-1415-1-0-0" class="so-panel widget widget_sow-editor panel-first-child panel-last-child" data-index="2" ><div
			
			class="so-widget-sow-editor so-widget-sow-editor-base"
			
		>
<div class="siteorigin-widget-tinymce textwidget">
	<p>MAJ : Mars 2023</p>
</div>
</div></div></div><div id="pgc-1415-1-1"  class="panel-grid-cell panel-grid-cell-empty" ></div></div></div>

<p>Invitation C’était quand votre dernier débat (de philosophie) politique ? Face à  la question « Quelles solutions pour stopper le réchauffement climatique ? », vous n&rsquo;avez peut-être pas les idées suffisament claires pour  trier le bon grain de l&rsquo;ivraie des offres politiques que l&rsquo;on vous fait …  ou pas, jugeant peut-être votre demande vague ou peu exigeante. [&hellip;]</p>
